{"id":8026,"date":"2024-08-02T22:36:04","date_gmt":"2024-08-02T22:36:04","guid":{"rendered":"https:\/\/abitat.com.mx\/2022\/?page_id=8026"},"modified":"2024-08-06T11:30:02","modified_gmt":"2024-08-06T16:30:02","slug":"lean-construction-en-abitat","status":"publish","type":"page","link":"https:\/\/abitat.com.mx\/2022\/como-trabajamos\/lean-construction-en-abitat\/","title":{"rendered":"Lean Construction en Abitat"},"content":{"rendered":"<p>[vc_row][vc_column width=&#8221;5\/6&#8243;][vc_column_text css_animation=&#8221;fadeIn&#8221;]En el din\u00e1mico mundo de la construcci\u00f3n, la eficiencia y la optimizaci\u00f3n de recursos son esenciales para el \u00e9xito de cualquier proyecto. Con Lean Construction como filosof\u00eda y metodolog\u00eda integrada en nuestro proceso constructivo revolucionamos la gesti\u00f3n para gestionar los desaf\u00edos y ofrecer soluciones innovadoras.[\/vc_column_text][\/vc_column][vc_column width=&#8221;1\/6&#8243;][vc_single_image image=&#8221;8027&#8243; img_size=&#8221;medium&#8221;][\/vc_column][\/vc_row][vc_row][vc_column width=&#8221;1\/2&#8243;][vc_column_text css_animation=&#8221;fadeIn&#8221;]<strong>\u00bfQu\u00e9 es Lean Construction?<\/strong><\/p>\n<p>Lean Construction es una filosof\u00eda de gesti\u00f3n que se centra en la mejora continua y la eliminaci\u00f3n de actividades que no aportan valor, inspirada en los principios del Lean Manufacturing. Adaptada al sector de la construcci\u00f3n, esta metodolog\u00eda nos permite alcanzar niveles superiores de eficiencia, calidad y sostenibilidad.[\/vc_column_text][vc_cta h2=&#8221;Nuestro enfoque&#8221; h4=&#8221;Aplicamos Lean Construction en todas las fases del proyecto, desde el dise\u00f1o hasta la entrega final. Nuestra metodolog\u00eda incluye:&#8221; css_animation=&#8221;fadeIn&#8221;]<\/p>\n<ul>\n<li><strong>Planificaci\u00f3n Colaborativa:<\/strong> Involucramos a todos los stakeholders desde el inicio para garantizar que todas las expectativas y requisitos se cumplen de manera eficiente.<\/li>\n<li><strong>Optimizaci\u00f3n de Procesos:<\/strong> Identificamos y eliminamos actividades que no generan valor, reduciendo tiempos y costos.<\/li>\n<li><strong>Gesti\u00f3n Just-in-Time:<\/strong> Aseguramos que los materiales y recursos necesarios est\u00e9n disponibles en el momento adecuado, evitando acumulaciones y retrasos.<\/li>\n<li><strong>Mejora Continua:<\/strong> Evaluamos constantemente nuestros procesos y resultados para implementar mejoras que nos permitan superar las expectativas de nuestros clientes.<\/li>\n<\/ul>\n<p>[\/vc_cta]<div class=\"mgt-header-block clearfix text-left text-black wpb_content_element  mgt-header-block-style-1 mgt-header-texttransform-header \"><h2 class=\"mgt-header-block-title\">Beneficios<\/h2><div class=\"mgt-header-line\"><\/div><\/div>[vc_tta_tabs][vc_tta_section title=&#8221;Para el cliente&#8221; tab_id=&#8221;1722640314513-79686b93-4e4e&#8221;][vc_column_text]<\/p>\n<ul>\n<li>Proyectos entregados a tiempo y dentro del presupuesto.<\/li>\n<li>Mayor calidad en la ejecuci\u00f3n de obras.<\/li>\n<li>Reducci\u00f3n significativa de desperdicios y costos.<\/li>\n<li>Mayor transparencia y comunicaci\u00f3n durante todo el proyecto.<\/li>\n<\/ul>\n<p>[\/vc_column_text][\/vc_tta_section][vc_tta_section title=&#8221;Para el equipo&#8221; tab_id=&#8221;1722640314524-3fc923be-a885&#8243;][vc_column_text]<\/p>\n<ul>\n<li>Mejora de la productividad.<\/li>\n<li>Promueve la comunicaci\u00f3n y colaboraci\u00f3n.<\/li>\n<li>Disminuye el riesgo de accidentes y lesiones.<\/li>\n<li>Flexibilidad y adaptabilidad.<\/li>\n<li>Promueve una cultura m\u00e1s positiva.<\/li>\n<\/ul>\n<p>[\/vc_column_text][\/vc_tta_section][\/vc_tta_tabs][\/vc_column][vc_column width=&#8221;1\/2&#8243;]<div class=\"mgt-header-block clearfix text-left text-black wpb_content_element  mgt-header-block-style-1 mgt-header-texttransform-header \"><h2 class=\"mgt-header-block-title\">Art\u00edculos Lean<\/h2><div class=\"mgt-header-line\"><\/div><\/div><div id=\"mgt-post-list-79302\" class=\"mgt-post-list wpb_content_element animated\"><div class=\"mgt-post large-blocks\"><a href=\"https:\/\/abitat.com.mx\/2022\/mentalidad-5s\/\"><div class=\"mgt-post-image\" data-style=\"background-image: url(https:\/\/abitat.com.mx\/2022\/wp-content\/uploads\/2024\/11\/Mentalidad-5s-para-trabajo-Lean-e1731042101724-1080x230.jpg);\"><div class=\"mgt-post-image-wrapper\"><div class=\"mgt-post-categories\">Lean<\/div><div class=\"mgt-post-wrapper-icon\"><i class=\"fa fa-plus\"><\/i><\/div>\r\n<\/div><\/div><\/a><div class=\"mgt-post-details\"><div class=\"mgt-post-icon format-standard\"><\/div><div class=\"mgt-post-title\"><a href=\"https:\/\/abitat.com.mx\/2022\/mentalidad-5s\/\"><h5>Mentalidad 5&#039;s para trabajo LEAN<\/h5><\/a><\/div><div class=\"mgt-post-date\"><i class=\"fa fa-file-text-o\"><\/i>\r\nnoviembre 7, 2024 <span class=\"post-comments-count\"><i class=\"fa fa-comment\"><\/i>0<\/span><\/div><div class=\"mgt-post-text\">[vc_row][vc_column width=&#8221;5\/6&#8243;][vc_column_text css_animation=&#8221;fadeIn&#8221;]En el din\u00e1mico mundo de la construcci\u00f3n, la eficiencia y la optimizaci\u00f3n de recursos son esenciales para el \u00e9xito de cualquier proyecto. Con Lean Construction como filosof\u00eda y...<\/div><a href=\"https:\/\/abitat.com.mx\/2022\/mentalidad-5s\/\" class=\"btn mgt-button hvr-default mgt-style-solid-invert mgt-size-small mgt-align-left mgt-display-inline mgt-text-size-normal mgt-text-transform-uppercase\">Leer m\u00e1s<\/a><\/div><\/div><div class=\"mgt-post large-blocks\"><a href=\"https:\/\/abitat.com.mx\/2022\/obeya-room-principiantes\/\"><div class=\"mgt-post-image\" data-style=\"background-image: url(https:\/\/abitat.com.mx\/2022\/wp-content\/uploads\/2024\/11\/post-it-s-being-placed-on-a-wall-during-design-thi-2023-11-27-05-00-53-utc-1170x230.jpg);\"><div class=\"mgt-post-image-wrapper\"><div class=\"mgt-post-categories\">Lean<\/div><div class=\"mgt-post-wrapper-icon\"><i class=\"fa fa-plus\"><\/i><\/div>\r\n<\/div><\/div><\/a><div class=\"mgt-post-details\"><div class=\"mgt-post-icon format-standard\"><\/div><div class=\"mgt-post-title\"><a href=\"https:\/\/abitat.com.mx\/2022\/obeya-room-principiantes\/\"><h5>Implementaci\u00f3n Big Room (Sala Obeya) para principiantes<\/h5><\/a><\/div><div class=\"mgt-post-date\"><i class=\"fa fa-file-text-o\"><\/i>\r\nnoviembre 2, 2024 <span class=\"post-comments-count\"><i class=\"fa fa-comment\"><\/i>0<\/span><\/div><div class=\"mgt-post-text\">[vc_row][vc_column width=&#8221;5\/6&#8243;][vc_column_text css_animation=&#8221;fadeIn&#8221;]En el din\u00e1mico mundo de la construcci\u00f3n, la eficiencia y la optimizaci\u00f3n de recursos son esenciales para el \u00e9xito de cualquier proyecto. Con Lean Construction como filosof\u00eda y...<\/div><a href=\"https:\/\/abitat.com.mx\/2022\/obeya-room-principiantes\/\" class=\"btn mgt-button hvr-default mgt-style-solid-invert mgt-size-small mgt-align-left mgt-display-inline mgt-text-size-normal mgt-text-transform-uppercase\">Leer m\u00e1s<\/a><\/div><\/div><div class=\"mgt-post large-blocks\"><a href=\"https:\/\/abitat.com.mx\/2022\/causa-raiz-ishikawa-diagramadepez\/\"><div class=\"mgt-post-image\" data-style=\"background-image: url(https:\/\/abitat.com.mx\/2022\/wp-content\/uploads\/2024\/10\/Encontrar-la-causa-raiz-Ishikawa-1170x230.png);\"><div class=\"mgt-post-image-wrapper\"><div class=\"mgt-post-categories\">Lean<\/div><div class=\"mgt-post-wrapper-icon\"><i class=\"fa fa-plus\"><\/i><\/div>\r\n<\/div><\/div><\/a><div class=\"mgt-post-details\"><div class=\"mgt-post-icon format-standard\"><\/div><div class=\"mgt-post-title\"><a href=\"https:\/\/abitat.com.mx\/2022\/causa-raiz-ishikawa-diagramadepez\/\"><h5>Encontrar la causa ra\u00edz Ishikawa, Diagrama de pez<\/h5><\/a><\/div><div class=\"mgt-post-date\"><i class=\"fa fa-file-text-o\"><\/i>\r\noctubre 23, 2024 <span class=\"post-comments-count\"><i class=\"fa fa-comment\"><\/i>0<\/span><\/div><div class=\"mgt-post-text\">[vc_row][vc_column width=&#8221;5\/6&#8243;][vc_column_text css_animation=&#8221;fadeIn&#8221;]En el din\u00e1mico mundo de la construcci\u00f3n, la eficiencia y la optimizaci\u00f3n de recursos son esenciales para el \u00e9xito de cualquier proyecto. Con Lean Construction como filosof\u00eda y...<\/div><a href=\"https:\/\/abitat.com.mx\/2022\/causa-raiz-ishikawa-diagramadepez\/\" class=\"btn mgt-button hvr-default mgt-style-solid-invert mgt-size-small mgt-align-left mgt-display-inline mgt-text-size-normal mgt-text-transform-uppercase\">Leer m\u00e1s<\/a><\/div><\/div><div class=\"mgt-post large-blocks\"><a href=\"https:\/\/abitat.com.mx\/2022\/encontrar-la-causa-raiz\/\"><div class=\"mgt-post-image\" data-style=\"background-image: url(https:\/\/abitat.com.mx\/2022\/wp-content\/uploads\/2024\/09\/Causa-raiz_Portada-nota-1170x230.jpg);\"><div class=\"mgt-post-image-wrapper\"><div class=\"mgt-post-categories\">Lean<\/div><div class=\"mgt-post-wrapper-icon\"><i class=\"fa fa-plus\"><\/i><\/div>\r\n<\/div><\/div><\/a><div class=\"mgt-post-details\"><div class=\"mgt-post-icon format-standard\"><\/div><div class=\"mgt-post-title\"><a href=\"https:\/\/abitat.com.mx\/2022\/encontrar-la-causa-raiz\/\"><h5>Encontrar la causa ra\u00edz<\/h5><\/a><\/div><div class=\"mgt-post-date\"><i class=\"fa fa-file-text-o\"><\/i>\r\nseptiembre 12, 2024 <span class=\"post-comments-count\"><i class=\"fa fa-comment\"><\/i>0<\/span><\/div><div class=\"mgt-post-text\">[vc_row][vc_column width=&#8221;5\/6&#8243;][vc_column_text css_animation=&#8221;fadeIn&#8221;]En el din\u00e1mico mundo de la construcci\u00f3n, la eficiencia y la optimizaci\u00f3n de recursos son esenciales para el \u00e9xito de cualquier proyecto. Con Lean Construction como filosof\u00eda y...<\/div><a href=\"https:\/\/abitat.com.mx\/2022\/encontrar-la-causa-raiz\/\" class=\"btn mgt-button hvr-default mgt-style-solid-invert mgt-size-small mgt-align-left mgt-display-inline mgt-text-size-normal mgt-text-transform-uppercase\">Leer m\u00e1s<\/a><\/div><\/div><div class=\"mgt-post large-blocks\"><a href=\"https:\/\/abitat.com.mx\/2022\/5s\/\"><div class=\"mgt-post-image\" data-style=\"\"><div class=\"mgt-post-image-wrapper\"><div class=\"mgt-post-categories\">Lean<\/div><div class=\"mgt-post-wrapper-icon\"><i class=\"fa fa-plus\"><\/i><\/div>\r\n<\/div><\/div><\/a><div class=\"mgt-post-details\"><div class=\"mgt-post-icon format-standard\"><\/div><div class=\"mgt-post-title\"><a href=\"https:\/\/abitat.com.mx\/2022\/5s\/\"><h5>5&#039;S<\/h5><\/a><\/div><div class=\"mgt-post-date\"><i class=\"fa fa-file-text-o\"><\/i>\r\nseptiembre 12, 2024 <span class=\"post-comments-count\"><i class=\"fa fa-comment\"><\/i>0<\/span><\/div><div class=\"mgt-post-text\">[vc_row][vc_column width=&#8221;5\/6&#8243;][vc_column_text css_animation=&#8221;fadeIn&#8221;]En el din\u00e1mico mundo de la construcci\u00f3n, la eficiencia y la optimizaci\u00f3n de recursos son esenciales para el \u00e9xito de cualquier proyecto. Con Lean Construction como filosof\u00eda y...<\/div><a href=\"https:\/\/abitat.com.mx\/2022\/5s\/\" class=\"btn mgt-button hvr-default mgt-style-solid-invert mgt-size-small mgt-align-left mgt-display-inline mgt-text-size-normal mgt-text-transform-uppercase\">Leer m\u00e1s<\/a><\/div><\/div><div class=\"clearfix\"><\/div><\/div>[\/vc_column][\/vc_row][vc_row][vc_column][vc_column_text]En Abitat Construction, estamos comprometidos con la excelencia y la eficiencia en cada uno de nuestros proyectos. Nos enorgullecemos de ser l\u00edderes en la implementaci\u00f3n de Lean Construction, una metodolog\u00eda revolucionaria que optimiza todos los procesos constructivos, minimizando desperdicios y maximizando el valor para nuestros clientes.<\/p>\n<p>[\/vc_column_text][\/vc_column][\/vc_row]<\/p>\n","protected":false},"excerpt":{"rendered":"<p>[vc_row][vc_column width=&#8221;5\/6&#8243;][vc_column_text css_animation=&#8221;fadeIn&#8221;]En el din\u00e1mico mundo de la construcci\u00f3n, la eficiencia y la optimizaci\u00f3n de recursos son esenciales para el \u00e9xito de cualquier proyecto. Con Lean Construction como filosof\u00eda y&#8230;<\/p>\n","protected":false},"author":3,"featured_media":0,"parent":1378,"menu_order":0,"comment_status":"closed","ping_status":"closed","template":"","meta":{"_monsterinsights_skip_tracking":false,"_monsterinsights_sitenote_active":false,"_monsterinsights_sitenote_note":"","_monsterinsights_sitenote_category":0,"footnotes":""},"class_list":["post-8026","page","type-page","status-publish","hentry"],"_links":{"self":[{"href":"https:\/\/abitat.com.mx\/2022\/wp-json\/wp\/v2\/pages\/8026","targetHints":{"allow":["GET"]}}],"collection":[{"href":"https:\/\/abitat.com.mx\/2022\/wp-json\/wp\/v2\/pages"}],"about":[{"href":"https:\/\/abitat.com.mx\/2022\/wp-json\/wp\/v2\/types\/page"}],"author":[{"embeddable":true,"href":"https:\/\/abitat.com.mx\/2022\/wp-json\/wp\/v2\/users\/3"}],"replies":[{"embeddable":true,"href":"https:\/\/abitat.com.mx\/2022\/wp-json\/wp\/v2\/comments?post=8026"}],"version-history":[{"count":7,"href":"https:\/\/abitat.com.mx\/2022\/wp-json\/wp\/v2\/pages\/8026\/revisions"}],"predecessor-version":[{"id":8028,"href":"https:\/\/abitat.com.mx\/2022\/wp-json\/wp\/v2\/pages\/8026\/revisions\/8028"}],"up":[{"embeddable":true,"href":"https:\/\/abitat.com.mx\/2022\/wp-json\/wp\/v2\/pages\/1378"}],"wp:attachment":[{"href":"https:\/\/abitat.com.mx\/2022\/wp-json\/wp\/v2\/media?parent=8026"}],"curies":[{"name":"wp","href":"https:\/\/api.w.org\/{rel}","templated":true}]}}